mmon factor of 645 and 183180?
645
What is the greatest common factor of 153 and 38913?
51
Calculate the greatest common divisor of 3185 and 21.
7
Calculate the greatest common factor of 2442 and 11275.
11
Calculate the highest common factor of 24 and 23448.
24
What is the highest common factor of 1066 and 15293?
41
Calculate the greatest common divisor of 1642129 and 1043.
149
Calculate the highest common factor of 6747 and 897.
39
What is the greatest common factor of 83851 and 923?
71
What is the greatest common factor of 119 and 39763?
17
What is the highest common divisor of 566892 and 540?
108
What is the greatest common divisor of 938 and 5026?
14
Calculate the highest common divisor of 41 and 81713.
41
What is the highest common divisor of 286 and 8229507?
143
Calculate the highest common divisor of 4040437 and 74.
37
What is the greatest common factor of 26 and 31668?
26
Calculate the greatest common divisor of 1140187 and 73.
73
Calculate the highest common divisor of 75 and 137325.
75
Calculate the highest common divisor of 18 and 45654.
6
Calculate the greatest common factor of 3133 and 30607.
241
What is the greatest common factor of 3680999 and 203?
203
What is the greatest common factor of 129 and 290981?
43
Calculate the highest common divisor of 144 and 8028.
36
What is the greatest common factor of 64 and 1293296?
16
Calculate the greatest common divisor of 37 and 389.
1
Calculate the greatest common factor of 82 and 11398.
82
What is the highest common factor of 450 and 36030?
30
Calculate the highest common divisor of 24 and 572424.
24
What is the highest common divisor of 117594 and 1112?
278
Calculate the greatest common factor of 15072 and 22080.
96
What is the greatest common divisor of 44 and 881254?
22
What is the highest common factor of 152 and 631256?
152
What is the greatest common factor of 5971 and 19614?
7
Calculate the highest common factor of 379960 and 2944.
184
What is the greatest common factor of 9 and 1764594?
9
What is the greatest common factor of 125020 and 30?
10
What is the greatest common factor of 100 and 44220?
20
Calculate the greatest common factor of 315 and 133.
7
What is the greatest common divisor of 20859 and 255?
51
What is the highest common divisor of 39 and 2327013?
39
What is the highest common divisor of 15744055 and 185?
185
What is the highest common divisor of 72800 and 160?
160
Calculate the greatest common divisor of 15 and 71292.
3
What is the highest common factor of 1336 and 2199056?
1336
What is the highest common factor of 189044 and 20659?
283
What is the greatest common divisor of 7038 and 6762?
138
What is the highest common factor of 404280 and 3240?
360
Calculate the highest common divisor of 1208792 and 472.
472
What is the highest common factor of 14286 and 81?
3
Calculate the highest common factor of 2535 and 120.
15
What is the greatest common divisor of 14 and 259?
7
What is the highest common factor of 328 and 178637?
41
Calculate the greatest common divisor of 18853 and 51.
17
What is the highest common factor of 286853 and 49?
7
What is the greatest common divisor of 5409 and 4207?
601
What is the greatest common divisor of 675 and 31275?
225
Calculate the greatest common divisor of 1567874 and 308.
154
Calculate the highest common factor of 19 and 43453.
19
What is the greatest common factor of 568763 and 52?
13
Calculate the highest common divisor of 2320 and 3364.
116
What is the highest common factor of 7424 and 7192?
232
What is the highest common divisor of 2033323 and 21527?
1957
What is the highest common factor of 5417188 and 217?
217
What is the greatest common divisor of 124545 and 360?
15
What is the greatest common divisor of 435479 and 122?
61
What is the greatest common factor of 66250 and 10?
10
Calculate the highest common divisor of 33754 and 1834.
14
Calculate the highest common factor of 260 and 39455.
65
What is the highest common factor of 502815 and 15?
15
Calculate the highest common factor of 143320 and 60.
20
What is the greatest common divisor of 210 and 259203?
21
What is the greatest common factor of 12650 and 116150?
1150
Calculate the greatest common divisor of 1314 and 334413.
657
Calculate the greatest common factor of 23400 and 18.
18
What is the highest common divisor of 11457 and 46113?
57
What is the greatest common factor of 1037 and 1029741?
1037
Calculate the highest common divisor of 48 and 391136.
16
Calculate the highest common factor of 14 and 11494.
14
What is the greatest common factor of 188 and 86856?
188
Calculate the greatest common factor of 3841 and 4342.
167
What is the highest common divisor of 29664 and 36?
36
What is the greatest common factor of 305081 and 2870?
287
Calculate the highest common divisor of 5194424 and 848.
424
What is the highest common divisor of 3663 and 48312?
99
Calculate the highest common factor of 688 and 3116.
4
What is the greatest common factor of 35695 and 472?
59
Calculate the highest common divisor of 161 and 714.
7
What is the greatest common divisor of 32 and 2045864?
8
What is the greatest common divisor of 7854 and 1089?
33
Calculate the highest common factor of 3240 and 2741850.
810
Calculate the highest common factor of 1290 and 50430.
30
Calculate the greatest common factor of 8840 and 355640.
680
Calculate the highest common divisor of 60 and 84480.
60
What is the greatest common factor of 264 and 41481?
33
Calculate the greatest common divisor of 202961 and 44.
11
Calculate the greatest common factor of 2612 and 341519.
653
What is the greatest common factor of 304740 and 1500?
60
Calculate the highest common factor of 55616 and 968.
88
Calculate the greatest common factor of 3116418 and 228.
114
Calculate the greatest common factor of 3015568 and 16.
16
Calculate the greatest common factor of 144 and 732.
12
What is the highest common factor of 37 and 1174787?
37
What is the greatest common factor of 20 and 161380?
20
What is the greatest common divisor of 1953624 and 120?
24
What is the greatest common factor of 571711 and 46?
23
What is the greatest common factor of 19038 and 24549?
501
What is the greatest common factor of 325 and 223775?
25
What is the highest common factor of 215220 and 255?
255
What is the greatest common divisor of 33615575 and 2135?
2135
What is the highest common divisor of 1057 and 7?
7
Calculate the greatest common divisor of 2448 and 32436.
612
What is the highest common divisor of 85 and 858415?
85
What is the highest common divisor of 9315302 and 1492?
746
What is the greatest common factor of 1386 and 3102?
66
Calculate the greatest common divisor of 814065 and 840.
105
Calculate the greatest common divisor of 34338 and 5664.
354
What is the greatest common divisor of 270 and 825210?
90
What is the highest common factor of 732569 and 29?
29
Calculate the highest common divisor of 5891921 and 581.
581
What is the highest common factor of 35812 and 35?
7
What is the greatest common divisor of 261 and 128412?
261
What is the greatest common divisor of 480 and 68385?
15
What is the greatest common divisor of 26 and 56537?
13
What is the greatest common factor of 210 and 965?
5
What is the highest common divisor of 40 and 260?
20
What is the highest common divisor of 7710 and 2190?
30
Calculate the highest common factor of 179277 and 378.
21
Calculate the greatest common factor of 1740 and 118.
2
Calculate the greatest common divisor of 12084 and 24.
12
What is the greatest common divisor of 656 and 71873?
41
What is the greatest common factor of 157380 and 71980?
1220
Calculate the greatest common divisor of 11461 and 1679.
73
What is the greatest common divisor of 2383 and 12?
1
Calculate the highest common factor of 39303 and 10791.
99
Calculate the highest common factor of 19364 and 50948.
188
What is the greatest common divisor of 11284 and 5148?
52
Calculate the highest common factor of 3280 and 79216.
16
Calculate the greatest common divisor of 5004 and 1494.
18
What is the greatest common divisor of 72 and 600144?
24
Calculate the highest common factor of 4316 and 247.
13
What is the greatest common divisor of 3400 and 9320?
40
Calculate the greatest common factor of 571 and 12920017.
571
Calculate the greatest common factor of